 - 1. Let s be x(4). Suppose -3*t = 3*w + s + 6, 3*t = -3. Determine v(w).
0
Let o(f) = -f - 3. Let t be ((-10)/(-8))/((-2)/(-8)). Let a be o(t). Let j(u) = -u - 13. Let k be j(a). Let x(g) = g**2 + 4*g - 5. Determine x(k).
0
Let b(h) = h**3 + 4*h**2 + h - 2. Let w be ((-1)/3)/(6/126). Let v(n) = -n**3 - 6*n**2 + 7*n - 3. Let j be v(w). Determine b(j).
4
Let w be -3*(6/10 - (-12)/30). Let l(d) = -5*d. What is l(w)?
15
Let j(l) = l + 4*l + 3*l + 3 - 4*l. Let k(c) = 2*c + 2. Let t(n) = -3*j(n) + 5*k(n). Give t(2).
-3
Suppose 3*a - 13 = -2*i - 2, -2*a = 3*i - 14. Let n(q) = 12*q**3 - 7. Let b(x) = 12*x**3 - 6. Let l(u) = 6*b(u) - 5*n(u). Determine l(a).
11
Let s(i) be the second derivative of 5/2*i**2 - i + 1/3*i**3 + 0. Let k(r) = -r - 1. Let m(f) = 6*k(f) + 2*s(f). Determine m(3).
-2
Let u be -4*(-44 + 2)/3. Let s be u/4 + -2 + -1. Suppose -2*i - 1 - s = 0. Let z(v) = -v**2 - 5*v + 8. Give z(i).
2
Suppose -5 = -2*j + 1. Let z(o) be the first derivative of 1/2*o**2 + 2 - 1/3*o**j - o. Give z(1).
-1
Suppose -t + 1 = b, t + 2*b = 5*t + 26. Let i(x) = -x**2 - 4*x + 1. Give i(t).
1
Let b(s) = s**2 - s - 4. Suppose 0 = 2*j - 5 - 1. Give b(j).
2
Let f(c) = 0 - 2 - 3 + c. Suppose -3*o + 0*o + 6 = 0. Let b be -3*(o - 3) - 3. What is f(b)?
-5
Let q(f) = -13*f - 7. Let h(v) = -6*v - 3. Let j(l) = -5*h(l) + 2*q(l). What is j(1)?
5
Let b(q) be the second derivative of 0 - 1/2*q**3 - 2*q**2 - 9*q. Suppose 0 = 5*w + 2*o + 5, 0*o = -5*w - 4*o + 5. Give b(w).
5
Let b(d) be the second derivative of d**4/12 + 7*d**3/6 + 3*d**2/2 - 14*d. Determine b(-6).
-3
Let g(x) = -1. Let t(q) = -q - 2. Let j(m) = -g(m) + t(m). Let s be (-28)/6 + 1/(-3). Calculate j(s).
4
Let g(t) = 365*t - 365. Let w(q) = -26*q + 26. Let v(a) = -6*g(a) - 85*w(a). Let r(y) = -y + 1. Let u(l) = 24*r(l) + v(l). What is u(3)?
-8
Suppose -3*k + 1 = -5. Let w = 3 - k. Let x(m) = -m**3 + 2*m - 1. Determine x(w).
0
Suppose 0 = 4*c - 17 - 3. Let k(r) = -2*r**3 - r**2 + 1. Let h(p) = 11*p**3 + 10*p**2 + 4*p - 1. Let w(a) = -h(a) - 6*k(a). Give w(c).
0
Let g(k) be the first derivative of -k**4/4 + 5*k**3/3 - 2*k**2 + 3*k + 21. What is g(4)?
3
Let d = 37 - 34. Let o(n) = n**3 - 2*n**2 + 2*n + 4. Calculate o(d).
19
Let l(m) = m**3 - m**2 - m + 1. Let g(t) = 2*t**2 + 1. Let o(n) = g(n) + l(n). What is o(2)?
12
Suppose j = 6*j + 5. Let l = j + -1. Let r(w) = -3*w - 6 + 4 + 4 + 4*w. Determine r(l).
0
Let o(c) = c**2 + 16*c + 3. Let m(z) = -5*z - 1. Let r(h) = 7*m(h) + 2*o(h). Let n be r(3). Suppose 0 = p - 3*p + n. Let q(y) = y - 2. Give q(p).
2
Let d = 16 + -18. Let b(s) = 3*s. Give b(d).
-6
Let y(u) = -u - 2. Let r(t) = 5*t + 20. Let x(f) = r(f) + 10*y(f). Determine x(-2).
10
Let v(z) = -5*z - 3 - 1 + 17*z**2 + 0 - z**3 - 11*z**2. Determine v(5).
-4
Let v = 3 - -1. Let s(g) = v - 6*g - 2*g + 4*g - g**2 - g. Calculate s(-6).
-2
Let s = -13 + 15. Let i(f) = -5*f - 2. Calculate i(s).
-12
Let w(t) = -t - 5. Let o(c) = -c - 2. Let z(y) be the first derivative of -y**2/2 - 16*y + 1. Let p be z(-9). Let i(f) = p*o(f) + 3*w(f). Calculate i(1).
3
Let a(q) = q**3 - 5*q**2 + 7*q - 4. Let k be (-13)/52 - 86/8. Let y(d) = -d**3 - 10*d**2 + 10*d - 7. Let h be y(k). Give a(h).
8
Let f(v) = -6*v - 1. Let p = 6 + -6. Suppose 3*j - 5*j - 2 = p, -1 = -5*l - 4*j. What is f(l)?
-7
Let p(b) = -290 + 3*b - 4*b + 291. Suppose -3*u = 16 - 7, 2*f + 3*u = -19. What is p(f)?
6
Let t(n) = n**2 + 4*n. Suppose 3*g = -g. Suppose l + 15 = -3*l + v, g = -4*l + 5*v - 27. Give t(l).
-3
Let b = -3 + 6. Let z(i) = 3*i - 6*i + 8*i**b + 4*i. What is z(1)?
9
Let w(f) = 2*f**2 + 3*f + 2. Let x(v) = -7*v**2 + 7*v. Let t(l) = 6*l**2 - 6*l. Let u(m) = -6*t(m) - 5*x(m). Let p(j) = -3*u(j) - w(j). Calculate p(5).
-7
Let w = 68 - 65. Let u(c) = -4*c - 2*c**3 + c**3 + c + 4*c**2 - 2. Determine u(w).
-2
Let l(h) be the first derivative of -13*h**3/3 + h**2 + h + 13. Calculate l(-1).
-14
Let a = -1 - -4. Let f(c) = c**a + c**2 + 3 - 2*c**2 + 0*c**2 + 6*c**2 + 4*c. What is f(-4)?
3
Let u(q) = 2*q + 2. Suppose 7*v + 10 = 2*v, 0 = 3*k + 4*v - 4. Calculate u(k).
10
Let j(t) = -2 + 2*t + 2*t + 3. Let n = 2 + 2. Let f = n - 3. Calculate j(f).
5
Let g(u) = -u**2 - 26 - 26 + 49 - u. Determine g(0).
-3
Let r(q) = -q**2 + q + 2. Let p be (-12)/(-16)*4*1. Determine r(p).
-4
Let q(z) be the second derivative of z**6/120 - z**5/20 + z**4/8 - 5*z**2/2 - 6*z. Let p(r) be the first derivative of q(r). Determine p(2).
2
Let b be (6 - 4)*(-1)/(-2). Suppose -z + 2 + 7 = -2*m, -2*m + 6 = 4*z. Let r(k) = -k**2 + z*k**3 - k**2 + 4*k - 3*k. Calculate r(b).
2
Let t be (2*-3 - -3)*-1. Let n be 1 - (-3 - 0) - t. Let g(y) = -4 - 2*y + 3 + 2*y**3 + 3*y + y**2. Determine g(n).
3
Let b(h) = h**2 + 3*h - 1. Suppose -3*d - 6 = 9. Determine b(d).
9
Suppose -2*o = o - 6. Suppose 5*y - 3 = o*y. Let c(u) = -3*u - 7. Let a(p) = -6*p - 13. Let x(k) = 6*a(k) - 11*c(k). Calculate x(y).
-4
Suppose -4*r + 4*v - 12 = 0, 0 = r + 2*v - 0*v + 18. Let y = r + 5. Let n be 4 + y*2/3. Let s(x) = x**3 - 2*x**2 - 2*x + 3. Calculate s(n).
-1
Let x(h) be the third derivative of h**4/24 + h**3/3 + 39*h**2. Give x(-3).
-1
Let c(u) = -1. Let s(k) be the first derivative of -k**2/2 + k - 4. Let t(y) = -c(y) - s(y). What is t(1)?
1
Let b = -4 + 1. Suppose 3*l = l + 8. Let a(t) = -t + 4 + 4*t**3 + t**3 + 3*t**2 - l*t**3 - 2. Determine a(b).
5
Let g(f) = f**2 + 5*f - 1. Suppose 2*i + 11 = 1. Let r be g(i). Let b(x) = 4*x**2 + 16*x. Let t(q) = q**2 + 3*q. Let n(v) = 3*b(v) - 16*t(v). Calculate n(r).
-4
Let a be 5 + 0 - 28/4. Let k(p) = 6*p + 1. Determine k(a).
-11
Let b(z) be the third derivative of -z**4/12 + z**3/6 - 22*z**2. Determine b(3).
-5
Let l(p) = p**3 + 6*p**2 - 7*p - 6. Suppose -x + 2*n + 2*n = 27, -32 = x - 5*n. What is l(x)?
-6
Let i(j) = 2*j**2 + j**3 - 2*j + 16 - 16. Let m be i(-2). Let z(v) = v**3 - 3*v**2 - 5*v + 4. Determine z(m).
0
Let x(d) = -3 - 2*d**2 + d**2 - d - d**3 + 0. Let c = -16 + 16. Give x(c).
-3
Let w = 9 + -5. Let x be ((-4)/8)/((-1)/w). Let m be 0/(x/(2 - 0)). Let f(k) = -k**3 - k**2 + k - 2. Give f(m).
-2
Let o(v) = 10*v**3 + 2*v**2 - 8*v - 26. Let t(p) = 7*p**3 + p**2 - 5*p - 18. Let z(x) = 5*o(x) - 7*t(x). Give z(-4).
0
Let u(b) = -b**3 - 3*b - 3. Suppose 9 + 11 = -10*a. Give u(a).
11
Let t(y) = 2*y - 13 + 4*y**2 + 4 + 7. Determine t(-2).
10
Let v(a) = a**2 + 5*a - 3. Let k be v(-6). Let l(y) = 0 + 0*y - k*y + 0*y - 2. What is l(-2)?
4
Let j(f) = -6*f**3 - 2*f**2 - 12*f + 3. Let h(c) = -5*c**3 - 2*c**2 - 11*c + 3. Let q(y) = -7*h(y) + 6*j(y). Calculate q(3).
3
Let y(r) be the first derivative of r**2 - 11*r + 30. Calculate y(8).
5
Let n(x) = 5*x + 6. Let c(a) = -4*a - 7. Let v = -19 + 31. Suppose b + b = v. Let q(t) = b*n(t) + 5*c(t). Determine q(-1).
-9
Suppose 5*k = -15 - 0. Let f be 2 + k + 2 + -3. Let y = f - -5. Let i(j) = -j**3 + 4*j**2 - 3*j - 3. Determine i(y).
-3
Let a(o) = -28*o + 57*o - o**2 - 34*o - 5. What is a(-6)?
-11
Let l be (2 + -1)*(-9 - -12). Let g(o) be the second derivative of 1/12*o**4 - 2/3*o**l - o - 5/2*o**2 + 0. Calculate g(5).
0
Let j(y) = -6*y**2 - 5*y - 4. Let o(l) = 7*l**2 + 6*l + 5. Let v(d) = -6*j(d) - 5*o(d). Let k be v(-1). Let n(g) = g + 0*g - 6 - g**2 + 0*g**2. Calculate n(k).
-6
Suppose 4*o = 20, 2*s + 13 = s + 3*o. Let m(u) be the third derivative of 1/6*u**3 + 0*u + 0 - 2*u**2 - 1/8*u**4. Calculate m(s).
-5
Let h be (-17)/4 + (-2)/(-8). Let d(l) = -3*l + 3*l**2 - 1 - 2*l**2 - 2*l**2. Give d(h).
-5
Let n(k) = k**3 + 9*k**2 - k - 1. Let h(d) = -3*d**3 - 26*d**2 + 2*d + 4. Let a(o) = 3*h(o) + 8*n(o). Let c = 1 + -6. Determine a(c).
-11
Let l(q) = -2*q**2 + 1. Let o(m) = -m + 5. Let v = -3 + 7. Let h be o(v). Calculate l(h).
-1
Suppose 3*r - 4*f - 21 = 0, 3*r - 5 - 13 = 3*f. Let l(p) = -3*p + p + r*p - 1. Let a(m) = -m**2 + 3*m. Let h(x) = -a(x) - 4*l(x). Calculate h(5).
-6
Let t = 0 + -4. Let m(o) = 5*o**2 + 5*o - 2. Let l(v) = -3*v**2 - 3*v + 1. Let a(g) = 7*l(g) + 4*m(g). Determine a(t).
-13
Let r(h) = -10*h - 8 + 19*h - 11*h. Determine r(-6).
4
Suppose 0*n + 4*l + 24 = 4*n, l + 4 = 0. Suppose 0 = -n*y - y - 15. Let z(v) = v**2 + 7*v + 6. Give z(y).
-4
Let m be (3/(-2))/(18/24). Let q(b) = -b**2 - 3*b - 3. Let a be q(m). Let n(k) = 3*k**2 - k - 1. What is n(a)?
3
Suppose 0 = -3*z - 27. Let c = z - -7. Let y(t) = -t**3 + 6*t**2 + 7*t - 5